 + s*k = -124. What is the tens digit of k?
3
Let o be (64/30 - 2) + (-1346)/(-30). Suppose 140 + o = 5*u. What is the tens digit of u?
3
Suppose 0 = 4*m - 3*u - 2*u - 1398, u + 2 = 0. What is the hundreds digit of m?
3
Suppose -5*i = 2*b - 3760, -2*b - 268 = -i + 484. What is the units digit of i?
2
Suppose 0 = 4*f + 4*m - 32, -8*m + 2 = -6*m. What is the units digit of f?
7
Suppose -4*h = h - 20. Suppose -h*r = 2*b + 16, 0 = -5*r - 13 - 7. Let v(k) = k + 23. What is the units digit of v(b)?
3
Let n = -19 - -26. Suppose n*z - z = 402. What is the units digit of z?
7
Suppose 17868 = 53*n - 14250. What is the tens digit of n?
0
Let l(k) = 115*k**2 - 3*k - 3. Let f = -54 - -53. What is the tens digit of l(f)?
1
Let i = -184 + 328. Let d = -109 + i. What is the tens digit of d?
3
Let j = -598 + 1191. What is the units digit of j?
3
Let g(w) be the first derivative of -63*w**2 + 10*w - 17. What is the hundreds digit of g(-1)?
1
Let r(t) = -t**2 - 4*t + 21. Let k be r(-6). What is the units digit of 26488/110 - (-2 + k/5)?
1
Let y be (-4)/(-10) + -4 + 84/15. Suppose -3*x = -3*u - 113 + 14, -y*x - 2*u + 62 = 0. What is the units digit of x?
2
Suppose -25*q = -20*q - 6405. What is the thousands digit of q?
1
Let u(r) = r**3 + 5*r**2 - 16*r - 10. Let m be u(-7). Let y(g) = g**2 + g + 8. What is the tens digit of y(m)?
2
Let p be 1*(344/(-4) - 1). Let l = -39 - p. What is the tens digit of l?
4
Suppose -7*r + 5*r + 4 = 0. Let p be (-4)/r*3/(-2). Suppose 4*y = u + 63, 6*y - 36 = 3*y + p*u. What is the tens digit of y?
1
Suppose 2*l - 179 = -6*p + p, -3*l + 2*p + 240 = 0. What is the units digit of l?
2
Let k = 2606 - 1267. What is the units digit of k?
9
Suppose -n = 7*n - 3736. What is the hundreds digit of n?
4
Let x(f) = -f**3 - 4*f**2 - 4*f + 1. Let r = 29 + -34. What is the tens digit of x(r)?
4
Suppose k + 4*k = -25. Let r be -2 - 132/(k - -2). Let c = r - -36. What is the units digit of c?
8
Suppose -8*u + 241 = -8167. What is the hundreds digit of u?
0
Let h(o) = 7*o**2 + 49*o - 757. What is the hundreds digit of h(23)?
0
Suppose 0 = 4*j - l + 23, -l = 2*j - 0*l + 13. Suppose g + 8 = -0*g. What is the tens digit of 4/(g/j) - -12?
1
Let f(p) = -p**2 - p - 16. Let n(a) = -a**2 - 2*a - 16. Let q(u) = -3*f(u) + 2*n(u). What is the units digit of q(0)?
6
Suppose 14606 - 3770 = 14*t. What is the hundreds digit of t?
7
Let n(r) = -3*r**3 + 4*r**2 + 2*r - 2. Let h be n(3). Let s = h - -64. What is the units digit of s?
3
Suppose 0 = 5*z - q - 152, 3*q - 110 = -4*z - 2*q. Let w = z - 24. What is the units digit of w?
6
Let r = -468 + 1207. What is the hundreds digit of r?
7
Let j be -2 + 2 + 72/3. Suppose j*z = 29*z - 415. What is the units digit of z?
3
Let a(g) = -171*g + 563. What is the tens digit of a(-12)?
1
Suppose 3*i - 629 = -3*h + 4447, 1684 = h - i. What is the hundreds digit of h?
6
Let m(n) = n**2 - 5*n + 41. What is the tens digit of m(37)?
2
Let z(j) = 28*j**2 - j - 51. What is the thousands digit of z(-11)?
3
Let l(g) = g**3 + 19*g**2 + 6*g + 47. What is the units digit of l(-15)?
7
Let t = 277 - -561. What is the units digit of t?
8
Suppose -4587 - 12204 = -29*j. What is the tens digit of j?
7
Suppose -3*o = -o. Suppose -12 = -3*d - j, 5*d - 4*d + 4*j + 7 = o. Suppose 0*z + 2*z = -4*f + 12, -d*z + 39 = f. What is the units digit of z?
8
Let s(i) = 15*i**2 - 6*i - 1. Let q be s(1). Suppose 3*n - 739 = -7*z + 6*z, 0 = -4*z - q. What is the units digit of n?
7
Let g = -541 + 859. What is the tens digit of g?
1
Let y(k) = 119*k + 121. What is the tens digit of y(4)?
9
What is the hundreds digit of ((-2)/(-4)*-6)/((-14)/9926)?
1
Let d(r) = -r**2 + 2*r + 1. Let o be d(-7). Let k = o + 91. What is the tens digit of k?
2
Let m be 161 + (-16)/(6 - 2). Let c = m + -76. Suppose 184 = 5*v - c. What is the units digit of v?
3
Let w = 698 + -118. What is the hundreds digit of w?
5
Suppose 0 = 3*o - 83 - 211. What is the tens digit of o?
9
Let w be (-3 + 6)*(-15)/(-9). Let s(r) = r**3 - r**2 - 2*r - 12. What is the units digit of s(w)?
8
What is the hundreds digit of ((-36)/(-10))/(38/6270)?
5
Suppose -4*t = -5*x + 175, -5*x + t + t = -185. Suppose 0 = 3*z - 120 - x. What is the units digit of z?
3
Let x be 5/(100/88) + (-4)/10. Suppose x*n + r - 186 = -r, n + 4*r = 64. What is the tens digit of n?
4
Let v = 22 - 18. Let l be -14 + v/(0 + -4). Let q = l - -48. What is the units digit of q?
3
Suppose -5*i = -0*i - 30. Let v(d) = -3*d**3 - d**2 - d + 1. Let l be v(1). Let h = i - l. What is the units digit of h?
0
Let f(h) = -7*h + 2*h - h**3 + 8*h**2 - 2*h + 6. Let b = -18 + 25. What is the units digit of f(b)?
6
Let i(p) = p**3 + p**2 + 29. Let s(r) = -r**2 - 8*r + 9. Let n be s(-9). What is the units digit of i(n)?
9
Suppose -159*j + 152*j = -9611. What is the hundreds digit of j?
3
Suppose -4*m + 665 = 5*f - 241, m - 727 = -4*f. What is the units digit of f?
2
Suppose -i = 2*s + 8, -2*s + 4*s + 5*i = 0. What is the hundreds digit of 159 - (s + 2) - (-2)/2?
1
Suppose 3*s = 5*s - x - 1345, 0 = 2*x - 10. Let a = -481 + s. What is the units digit of a?
4
Let x be 10/(-25)*(-180)/3. Let b be (-1206)/x + 3/12. Let y = b - -102. What is the units digit of y?
2
Suppose 13*i = 14*i - 146. What is the tens digit of (-10)/30 + i/6?
2
Suppose z = -6*z. Suppose b - 2*x - 17 - 40 = 0, x = z. What is the tens digit of b?
5
Let w = 4790 - 2979. What is the thousands digit of w?
1
Let z(y) = -y**3 - y**2 - y + 240. Let l be z(0). Suppose 16*t - l = 11*t. What is the units digit of t?
8
Suppose 3*g - g + 4 = 0, -g = -3*r + 1808. Suppose -2*v - r = -6*v - 2*d, 756 = 5*v - d. What is the tens digit of v?
5
What is the units digit of (3738/9)/(10/15) - 5?
8
Suppose 4*j = -s + 183, -4*s - 22 = -j - 9*s. Suppose 3*d - 239 = -j. What is the units digit of d?
4
Suppose -2*f - 9 = -5*f. Let j be -4*(f/(-1) - -2). Suppose -j*m + 5*m + 22 = g, -3*m = 0. What is the units digit of g?
2
Let g(i) = 399*i**3 - 2*i**2 + 3*i - 1. Let x be g(1). Let d = 612 - x. What is the hundreds digit of d?
2
Let s = 352 + -244. Suppose -18 = -6*n + s. What is the units digit of n?
1
Let x = -111 - -57. Let i be 1101/27 + (-12)/x. Let o = i - 23. What is the units digit of o?
8
Suppose -2441 + 9073 = 4*z - 2*t, -4*z + t = -6634. What is the tens digit of z?
5
Suppose 0*v + 2*v - 4*w - 14 = 0, 5*v = -5*w - 10. Let m be (-5)/(-5) - (-2)/v. Suppose 2*l - 36 = 4*j, 2*l - j - m = 18. What is the units digit of l?
8
Let y = 7241 + -3877. What is the thousands digit of y?
3
Let k(w) = w + 100. Let b be k(0). Let y = b - 65. Let l = -20 + y. What is the tens digit of l?
1
Suppose 0*y + 5*y - 4*u - 3721 = 0, -2972 = -4*y + 2*u. What is the units digit of y?
1
Suppose -2*g - 8 = 0, -g - 720 = -2*i + 932. What is the units digit of i?
4
Suppose 37*s = 8*s + 30595. What is the thousands digit of s?
1
Let x = 115 + -110. Suppose 0 = 5*p + x*o - 1315, 0 = 4*p - 7*o + 2*o - 1088. What is the units digit of p?
7
Let j(t) = -t**3 - 9*t**2 + 3. Suppose 7*p - 9 = 8*p. Let a be j(p). Suppose -l + a*l = 4, 2*o + l - 70 = 0. What is the units digit of o?
4
Suppose 3*j - 5*b - 3323 = 0, 28*j = 32*j + 4*b - 4484. What is the thousands digit of j?
1
Let b(v) = 31*v + 10. Let m be b(-3). What is the units digit of (-12)/(-30) + m/(-5)?
7
Suppose -3*u + 15358 + 255 = -2*w, 0 = -4*u + 5*w + 20829. What is the tens digit of u?
0
Suppose -3*s = -4*s - 3, 5*h = s + 768. Let n = h - 3. What is the units digit of n?
0
Let q(z) be the third derivative of 1/15*z**5 + 0*z**4 - 1/2*z**3 - 1/120*z**6 + 0 + 0*z + 3*z**2. What is the units digit of q(3)?
6
Let w(f) = 3*f + 64. Suppose -3*r + t = -t - 8, -4*r - 12 = 3*t. What is the units digit of w(r)?
4
Suppose -o + 4*o + 4*b - 282 = 0, 4*b = -o + 102. Let r be (o/(-25))/(1/(-5)). Suppose t = r - 3. What is the units digit of t?
5
Let q be 5 - (4 - (2 + -1)). Suppose -264 = -q*f - 9*f. What is the tens digit of f?
2
Let s(k) = 2*k**3 + 6*k - 6*k**3 + 0*k**3 - 7*k**2 + 3*k**3 - 11. Let a be s(-8). Suppose 0 = a*m - 132 + 17. What is the tens digit of m?
2
Let y = 31 + -98. Let f = 258 + y. What is the units digit of f?
1
Let z = 26 - 25. Suppose -5*n - z - 4 = 0. What is the units digit of 4 + n - (-4 + -52)?
9
Let o = -47 + 95. Let n = o + -29. What is the units digit of n?
9
Supp